 28*f**2 + 465*f + 17. What is x(-6)?
107
Let g(m) = 17*m**2 - 14922*m + 26267. Calculate g(876).
-13
Let b(k) = 2718*k - 29536. What is b(11)?
362
Let k(i) = -7*i**3 + 1215*i**2 - 685*i - 1223. Calculate k(173).
-12
Let r(o) = -6*o**3 + 3*o**2 - 590. Determine r(0).
-590
Let m(n) = n**2 - 184*n + 2855. Give m(166).
-133
Let n(j) = 22*j**2 - 520*j - 41. What is n(0)?
-41
Let t(b) = -9*b**2 - 565*b - 2400. Calculate t(-58).
94
Let s(z) = -122721*z - 368229. Give s(-3).
-66
Let g(r) = -r**3 - 27*r**2 - 136*r - 111. What is g(-22)?
461
Let f(x) = -10365*x - 208435. Determine f(-20).
-1135
Let z(q) = -23294*q - 4192901. Give z(-180).
19
Let m(o) = -o**3 + 48*o**2 - 49*o - 292. Give m(47).
-386
Let i(h) = 2*h**3 + 10*h**2 - 4193*h - 12633. Give i(-3).
-18
Let m(i) = 279*i**2 + 24599*i + 4113. What is m(-88)?
-23
Let z(h) = -743*h - 20050. Determine z(-27).
11
Let u(c) = -c**2 - 72488*c - 2391010. Determine u(-33).
5
Let z(d) = 5400*d + 1501194. Calculate z(-278).
-6
Let c(p) = 57*p**2 + 553*p + 195. Give c(-9).
-165
Let w(l) = -l**3 + 177*l**2 + 11066*l - 415. What is w(-49)?
-23
Let k(j) = -j**3 + 56*j**2 - 160*j - 2520. Calculate k(52).
-24
Let c(i) = -2*i**3 + 61*i**2 + 1129*i - 6913. Give c(42).
-67
Let q(c) = 1214*c + 9663. What is q(-8)?
-49
Let i(w) = -2*w**2 - 256*w - 6589. Give i(-98).
-709
Let c(w) = -20*w**2 + 66*w - 26. Give c(1).
20
Let f(g) = g**3 + 166*g**2 + 151*g - 2120. Calculate f(-165).
190
Let l(r) = 2*r**3 + 86*r**2 - 110*r - 2598. What is l(-43)?
2132
Let h(i) = 3*i**2 + 914*i + 913. Give h(-1).
2
Let w(t) = 122*t**2 + 1135*t + 200. Give w(-9).
-133
Let h(k) = 2060*k + 1254534. Calculate h(-609).
-6
Let m(f) = 14*f**3 + 206*f**2 - 66*f + 17. Calculate m(-15).
107
Let w(p) = 1845*p + 86716. Calculate w(-47).
1
Let a(g) = -578*g - 44522. Determine a(-77).
-16
Let z(b) = -3268*b - 19799. Give z(-6).
-191
Let a(k) = -35325*k + 1342404. Determine a(38).
54
Let g(c) = -6623*c**2 - 46355*c + 43. Determine g(-7).
1
Let s(x) = -x**3 + 81*x**2 - 566*x + 68638. Give s(84).
-74
Let s(z) = -z**3 + 19*z**2 + 54*z - 32. Determine s(18).
1264
Let a(q) = 67*q**2 - 582*q - 2303. Give a(-4).
1097
Let j(o) = 3*o**3 + 194*o**2 - 49*o - 147. Calculate j(-65).
-1187
Let z(u) = u**3 - 732*u**2 - 3220*u + 203152. What is z(736)?
16
Let a(g) = -5235*g + 5496719. Calculate a(1050).
-31
Let c(x) = 42792*x - 171139. What is c(4)?
29
Let h(p) = 185*p + 64559. Determine h(-349).
-6
Let d(o) = -17*o**2 - 42*o + 2007. Determine d(10).
-113
Let t(x) = -1160*x**2 + 18560*x + 20. Determine t(16).
20
Let h(f) = 23116*f - 92425. Calculate h(4).
39
Let d(z) = -z**3 - 7*z**2 + 47*z - 141. Give d(-13).
262
Let t(d) = -7*d**2 + 1587*d - 7772. Calculate t(5).
-12
Let o(z) = 5765*z - 43269. Give o(8).
2851
Let t(g) = g**3 - 309*g**2 + 217*g + 28236. Give t(308).
208
Let b(s) = 4*s**3 + 24*s**2 + 80*s - 265. Calculate b(2).
23
Let i(r) = 437*r - 14035. Determine i(32).
-51
Let w(q) = -3*q**2 + 1828*q - 7259. Determine w(4).
5
Let f(u) = 21*u**3 - 548*u**2 - 37*u + 154. Calculate f(26).
-2160
Let i(u) = -u**3 - 7408*u**2 + 849871*u + 223. Give i(113).
-3
Let m(v) = -6*v**2 + 316*v - 2401. Determine m(43).
93
Let f(s) = 3*s**3 + 755*s**2 - 255*s + 236. What is f(-252)?
992
Let f(b) = -b**3 + 12*b**2 + 618*b + 452. What is f(31)?
1351
Let v(c) = -36*c**2 + 1072*c + 199. Determine v(30).
-41
Let x(k) = -205*k**2 + 51868*k - 644. Determine x(253).
115
Let l(k) = 2090*k - 7790. Calculate l(2).
-3610
Let b(d) = 2665*d**2 - 386430*d + 727. Calculate b(145).
2
Let l(o) = -3656*o - 40281. Give l(-11).
-65
Let b(i) = -i**3 + 392*i**2 - 6204*i - 2914. Calculate b(17).
-7
Let o(a) = -2364*a + 39231. Calculate o(17).
-957
Let x(f) = -f**3 + 168*f**2 - 1413*f + 370. Give x(159).
3232
Let f(g) = 2*g**3 - 16*g**2 - 7739*g + 23309. Calculate f(3).
2
Let y(i) = -4049*i**2 + 350*i + 354. Give y(-1).
-4045
Let h(v) = -423*v**2 - 2524*v + 40. Determine h(-6).
-44
Let w(x) = -1107*x + 36529. Calculate w(33).
-2
Let n(k) = -6*k**3 - 554*k**2 - 170*k + 1302. Give n(-92).
14
Let f(z) = -4*z**3 + 62*z**2 + 80*z - 796. What is f(16)?
-28
Let p(n) = -10011*n + 120046. Give p(12).
-86
Let l(t) = 1211*t + 2200. Give l(-4).
-2644
Let z(c) = c**3 + 59*c**2 - 252*c - 14856. Give z(-59).
12
Let t(q) = -22*q + 372. What is t(7)?
218
Let z(m) = 16*m**2 + 568*m + 2892. Calculate z(-5).
452
Let c(x) = -x**3 - 58*x**2 + 1860*x - 480. Determine c(-81).
-237
Let y(c) = 2*c**3 - 21*c**2 - 189*c + 1980. Calculate y(10).
-10
Let g(c) = 33*c**3 - 461*c**2 - 19*c + 66. Determine g(14).
-4
Let t(l) = 19977*l + 799063. Determine t(-40).
-17
Let k(m) = 144769*m + 723844. Determine k(-5).
-1
Let w(u) = 8063*u - 48408. What is w(6)?
-30
Let w(k) = -4574*k - 24697. What is w(-6)?
2747
Let g(y) = -2*y**2 + 880*y - 96647. Give g(229).
-9
Let o(r) = -r**3 + 46*r**2 + 303*r - 36. What is o(52)?
-504
Let u(p) = 573*p**3 - 6*p**2 - 25*p + 30. Give u(1).
572
Let t(b) = -29*b**2 - 2542*b + 800. Determine t(-88).
-80
Let b(w) = 4*w**2 - 108*w + 576. Give b(7).
16
Let a(g) = -2*g**2 - 315*g + 55060. What is a(105)?
-65
Let x(t) = -43*t**2 - 1600*t - 313. Calculate x(-37).
20
Let q(y) = y**3 - 12*y**2 - 539*y + 7163. Determine q(14).
9
Let i(n) = -119*n**2 - 91170*n - 12265. What is i(-766)?
-9
Let w(s) = -s**3 - 2*s**2 + 275*s - 1570. What is w(7)?
-86
Let o(m) = -2*m**3 + 14*m**2 - 66*m + 260. Give o(6).
-64
Let m(v) = 1431*v + 1140457. Determine m(-797).
-50
Let c(u) = -3*u**2 + 140*u + 23869. Calculate c(-68).
477
Let g(u) = 1486*u - 2824. What is g(2)?
148
Let o(h) = 74433*h + 1190916. Give o(-16).
-12
Let d(r) = 8953*r - 35714. Calculate d(4).
98
Let o(k) = -9*k**3 - 86*k**2 + 15*k - 233. What is o(-10)?
17
Let u(p) = 9*p**3 - 378*p**2 + 365*p + 248. Calculate u(41).
84
Let u(q) = -q**3 + 270*q**2 + 14899*q + 117. Give u(317).
117
Let k(n) = -6448*n + 63764. Give k(10).
-716
Let f(a) = a**3 + 20*a**2 - 162*a + 163. Calculate f(5).
-22
Let g(o) = -7*o**3 - 183*o**2 - 31*o - 125. Determine g(-26).
5
Let u(t) = -16*t**2 + 22355*t + 22355. Determine u(-1).
-16
Let s(i) = -35*i**3 + 12*i**2 - 179*i + 168. Determine s(1).
-34
Let d(b) = b**3 + 7*b**2 + 34*b - 507. Calculate d(7).
417
Let t(g) = 31054*g + 341688. Calculate t(-11).
94
Let v(h) = 456*h - 12241. Determine v(32).
2351
Let a(r) = -8863*r + 363388. Calculate a(41).
5
Let c(g) = 177*g + 60581. Calculate c(-343).
-130
Let q(h) = -1549*h - 48031. Determine q(-31).
-12
Let i(q) = 32*q**3 - 128*q**2 - 12*q. What is i(4)?
-48
Let j(c) = -5*c**2 + 2737*c + 82350. Give j(576).
-18
Let c(a) = -a**3 - 19*a**2 - 67*a - 62. Give c(-15).
43
Let l(p) = -3471*p + 33412. Give l(10).
-1298
Let v(t) = 2277*t - 633002. Determine v(278).
4
Let v(f) = 476*f + 18561. Calculate v(-39).
-3
Let w(t) = 43177*t + 2417926. Give w(-56).
14
Let i(g) = -75*g**2 - 30*g - 347. Calculate i(-6).
-2867
Let u(i) = -13957*i + 5359484. Calculate u(384).
-4
Let t(x) = -x**2 + 260*x - 2959. What is t(12)?
17
Let y(f) = 4*f**2 - 36*f - 227. What is y(-8)?
317
Let p(a) = -a**3 - 152*a**2 - 3785*a + 6599. Determine p(-120).
-1
Let o(t) = -t**2 + 67*t - 370. Give o(5).
-60
Let n(u) = -18789*u + 845509. What is n(45)?
4
Let y(i) = -i**2 - 2945*i - 17696. Give y(-6).
-62
Let s(a) = a**3 + 124*a**2 - 124*a + 342. Determine s(-125).
217
Let d(a) = 6*a**2 - 9575*a - 38306. What is d(-4)?
90
Let t(b) = -606*b**2 - 310871*b + 3587. Determine t(-513).
-4
Let r(y) = 5081*y**2 - 121943*y - 22. What is r(24)?
2
Let c(p) = 57*p**2 - 341*p + 467. Determine c(4).
15
Let g(f) = 734*f - 335546. Calculate g(457).
-108
Let k(y) = 209*y + 3042. Calculate k(-19).
-929
Let q(k) = 3*k**3 + 61*k**2 - 449*k - 7451. What is q(-22)?
7
Let y(h) = 30560*h - 152835. Determine y(5).
-35
Let g(y) = 3155*y + 388099. What is g(-123)?
34
Let f(j) = -1185*j + 178904. Give f(151).
-31
Let a(y) = -927*y + 15409. Calculate a(10).
6139
Let p(i) = -461*i - 14398. Calculate p(-33).
815
Let t(j) = -137*j - 1416. Calculate t(-16).
776
Let x(s) = 5*s**3 + 29*s**2 + 27*s + 19. Determine x(-11).
-3424
Let b(i) = 10*i**2 + 24*i + 143. What is b(-5)?
273
Let x(d) = 264*d**2 + 4500*d + 62. Determine x(-17).
-142
Let c(t) = -t**3 + 16*t**2 - 83*t + 182. Determine c(11).
-126
Let u(i) = 2*i**3 - 92*i**2 + 805*i + 142. Give u(12).
10
Let v(i) = 2*i**3 + 86*i**2 +